 1162?
166
Calculate the greatest common factor of 2244 and 42108.
132
What is the highest common factor of 196365 and 39?
39
Calculate the highest common factor of 358310 and 10.
10
What is the highest common factor of 6161803 and 17?
17
What is the highest common divisor of 62025 and 75?
75
What is the greatest common factor of 3976 and 13944?
56
What is the highest common divisor of 516443 and 12509?
1787
Calculate the greatest common divisor of 133453 and 25982.
1181
Calculate the highest common divisor of 5762 and 3268.
86
Calculate the highest common factor of 197030 and 19.
19
What is the highest common divisor of 27972 and 2884?
28
What is the greatest common factor of 29627 and 5?
1
What is the highest common factor of 1631 and 147?
7
What is the greatest common factor of 252004 and 7028?
1004
Calculate the highest common divisor of 275 and 5263225.
275
What is the highest common factor of 56 and 1004668?
28
Calculate the highest common divisor of 109081 and 420.
7
What is the highest common factor of 27027 and 81?
27
What is the highest common divisor of 18730 and 10?
10
What is the highest common divisor of 12 and 495?
3
What is the highest common divisor of 70 and 8560?
10
Calculate the highest common factor of 14558601 and 1263.
1263
Calculate the greatest common divisor of 808 and 88.
8
Calculate the highest common factor of 296784 and 11664.
1296
Calculate the highest common factor of 118660 and 80.
20
Calculate the highest common factor of 124 and 288176.
124
Calculate the highest common divisor of 20788572 and 789.
789
Calculate the highest common factor of 779 and 5263.
19
What is the highest common factor of 22438 and 39?
13
What is the highest common factor of 2546 and 211452?
134
What is the greatest common factor of 385074 and 243?
81
What is the highest common divisor of 20241 and 169?
13
What is the highest common divisor of 433140 and 60?
60
What is the highest common divisor of 31 and 427211?
31
Calculate the greatest common factor of 5170 and 880.
110
What is the greatest common factor of 588 and 234122?
98
What is the greatest common factor of 3515 and 70?
5
What is the greatest common factor of 663878 and 318?
106
Calculate the greatest common factor of 63928 and 16.
8
Calculate the highest common factor of 10721130 and 90.
30
Calculate the greatest common divisor of 21780 and 1920.
60
What is the greatest common divisor of 1200 and 1104?
48
Calculate the highest common factor of 189700 and 28.
28
Calculate the greatest common divisor of 16686 and 162.
162
Calculate the highest common factor of 414 and 61479.
207
What is the greatest common divisor of 858550 and 1784?
446
Calculate the greatest common divisor of 40103 and 1011.
337
Calculate the highest common factor of 467843 and 23.
23
What is the highest common divisor of 1865 and 115?
5
What is the highest common divisor of 1785 and 63784?
119
What is the greatest common factor of 33 and 34509?
3
Calculate the highest common divisor of 764 and 316.
4
What is the highest common divisor of 11447 and 8?
1
Calculate the greatest common divisor of 54 and 115722.
54
Calculate the highest common factor of 70 and 232520.
10
Calculate the highest common factor of 2036189 and 73.
73
What is the greatest common divisor of 93 and 24676?
31
What is the highest common divisor of 3197 and 1219?
23
Calculate the highest common factor of 7 and 227248.
7
Calculate the highest common divisor of 23715936 and 864.
864
Calculate the greatest common factor of 450 and 8610.
30
Calculate the greatest common divisor of 20405 and 91531.
583
What is the highest common factor of 3485494 and 344?
86
Calculate the highest common divisor of 3232 and 339562.
202
What is the highest common divisor of 121 and 277?
1
What is the greatest common factor of 747619 and 2?
1
What is the highest common divisor of 5886 and 2507?
109
What is the greatest common divisor of 64590 and 30?
30
Calculate the greatest common factor of 55 and 43571.
11
What is the greatest common divisor of 104699 and 28?
7
What is the highest common factor of 115 and 301369?
23
What is the highest common divisor of 9825558 and 17?
17
What is the greatest common divisor of 8468345 and 205?
205
What is the greatest common factor of 147941 and 3095?
619
What is the highest common divisor of 3120 and 2770?
10
What is the highest common divisor of 1827 and 457359?
609
Calculate the highest common divisor of 125241 and 23217.
327
Calculate the greatest common divisor of 294 and 13902.
42
Calculate the highest common factor of 3432 and 28776.
264
Calculate the highest common factor of 986 and 144806.
34
What is the greatest common factor of 6308886 and 6?
6
What is the greatest common divisor of 1492308 and 162?
18
Calculate the greatest common factor of 3357 and 342787.
373
What is the greatest common factor of 7 and 8407?
7
What is the greatest common factor of 76128 and 2847?
39
Calculate the highest common factor of 2489 and 31996.
19
Calculate the greatest common factor of 208559 and 13.
13
What is the highest common divisor of 161 and 1840?
23
Calculate the greatest common divisor of 5 and 113938.
1
What is the highest common factor of 174 and 25143?
87
Calculate the greatest common divisor of 41724 and 61.
61
What is the greatest common divisor of 1521 and 1872?
117
Calculate the highest common factor of 11125 and 250.
125
What is the greatest common divisor of 23456 and 80?
16
Calculate the greatest common factor of 7540 and 156.
52
What is the greatest common factor of 84531 and 57?
57
Calculate the greatest common divisor of 144 and 162.
18
Calculate the greatest common factor of 27040 and 1664.
416
What is the greatest common factor of 711 and 5292?
9
What is the highest common divisor of 16 and 131752?
8
Calculate the highest common divisor of 21 and 2682554.
7
What is the greatest common factor of 13857 and 2511?
93
Calculate the highest common divisor of 1061104 and 32.
16
What is the greatest common factor of 17892 and 140?
28
Calculate the greatest common factor of 12742 and 1058.
46
Calculate the greatest common divisor of 330 and 346368.
66
Calculate the highest common factor of 8 and 490024.
8
Calculate the greatest common factor of 213095 and 51.
17
What is the greatest common divisor of 117764 and 16?
4
What is the greatest common factor of 3471912 and 18?
18
What is the greatest common factor of 46842 and 13986?
222
What is the greatest common factor of 701888 and 9970?
1994
Calculate the highest common factor of 139802 and 283.
283
What is the greatest common divisor of 7084 and 58597?
77
What is the greatest common divisor of 27 and 367551?
27
Calculate the greatest common divisor of 6195 and 412174.
413
What is the greatest common divisor of 644 and 3696?
28
Calculate the greatest common divisor of 10010 and 1119580.
770
What is the highest common divisor of 728 and 81952?
104
What is the greatest common factor of 3096 and 7783?
43
Calculate the highest common factor of 1846 and 650.
26
What is the greatest common divisor of 228 and 168?
12
Calculate the greatest common divisor of 18 and 16806.
6
What is the greatest common factor of 36 and 2287908?
36
Calculate the highest common divisor of 163 and 91769.
163
Calculate the greatest common divisor of 539 and 35387.
11
What is the greatest common factor of 102062 and 4?
2
Calculate the highest common factor of 11062782 and 1548.
774
Calculate the highest common factor of 8203 and 13.
13
Calculate the highest common divisor of 126 and 539.
7
Calculate the highest common factor of 1372 and 2016.
28
Calculate the greatest common divisor of 610 and 25742.
122
What is the greatest common factor of 219393 and 28226?
1283
What is the greatest common factor of 1032 and 45?
3
Calculate the greatest common factor of 47 and 7022693.
47
Calculate the highest common divisor of 1143 and 103378.
127
What is the highest common factor of 369 and 107625?
123
Calculate the greatest common factor of 56 and 177256.
8
What is the greatest common divisor of 1827 and 3339?
63
Calculate the highest common divisor of 630 and 21690.
90
Calculate the highest common factor of 14749 and 54880.
343
Calculate the highest common divisor of 675 and 5318325.
675
Calculate the greatest commo